{"id":16471,"date":"2021-05-25T16:04:25","date_gmt":"2021-05-25T14:04:25","guid":{"rendered":"https:\/\/www.esi-sba.dz\/fr\/?post_type=tribe_events&#038;p=16471"},"modified":"2021-05-25T16:25:11","modified_gmt":"2021-05-25T14:25:11","slug":"semaine-scientifique-nationale-2021-troisieme-place-pour-le-projet-madinatic","status":"publish","type":"tribe_events","link":"https:\/\/www.esi-sba.dz\/fr\/index.php\/evenements-calendar\/semaine-scientifique-nationale-2021-troisieme-place-pour-le-projet-madinatic\/","title":{"rendered":"Semaine Scientifique Nationale 2021 : troisi\u00e8me place pour le projet \u00ab MadinaTIC \u00bb"},"content":{"rendered":"<p>L\u2019ESI de Sidi Bel Abbes a pris part \u00e0 la semaine scientifique nationale le minist\u00e8re de l&rsquo;Enseignement sup\u00e9rieur et de la Recherche scientifique sur le th\u00e8me de \u00abLa num\u00e9risation et ses applications\u00bb du 17 au 20 Mai 2021.<\/p>\n<p>Deux clubs scientifiques (AlphaBit et Ingeniums), deux projets de recherche innovants (E-sant\u00e9) et deux th\u00e8ses de doctorats (Dr. KLOUCHE Badia et Dr. SEKKAL Nawel), soit neufs projets au total ont \u00e9t\u00e9 pr\u00e9sent\u00e9s dans quatre cat\u00e9gories diff\u00e9rentes.<\/p>\n<p>Nos repr\u00e9sentants sur place, \u00e9l\u00e8ves ing\u00e9nieurs et dipl\u00f4m\u00e9s\u00a0: Djemai AKSA, Mouncif BENDADA, Mostafa FECHFOUCH, Fethallah Walid OMARI, Akram OUARDAS ont assur\u00e9s la tenue de trois stands au niveau de l\u2019\u00e9v\u00e9nement avec des projets autour de l\u2019E-Sant\u00e9, E-learning, E-commerce, Finance, E-administration et internet des objets \u00ab IOT \u00bb.<\/p>\n<p>Les \u00e9tudiants de l\u2019Ecole se sont ainsi class\u00e9s 3\u00e8me du concours nationale des projets avec le Club Scientifique \u00ab Ingeniums \u00bb et le projet \u00ab MadinaTIC \u00bb pr\u00e9sent\u00e9 par M. Akram OUARDAS.<\/p>\n<p>L\u2019application \u00ab MadinaTIC \u00bb permet le signalement des anomalies et probl\u00e8mes de la ville par le citoyen et la redirection de sa r\u00e9clamation vers l\u2019autorit\u00e9 comp\u00e9tente. Elle permet \u00e9galement de suivre la prise en charge du probl\u00e8me et l\u2019\u00e9mission d\u2019annonces par la commune (\u00e9v\u00e8nements, \u00e9lections, travaux, coupures, \u2026).<\/p>\n<p>Toutes nos f\u00e9licitations et remerciements vont \u00e0 nos repr\u00e9sentants qui nous ont encore une fois honor\u00e9s \u00e0 l\u2019\u00e9chelle nationale ainsi qu\u2019\u00e0 tous les autres porteurs de projets pour leur travail et leur excellence.<\/p>\n<p>&nbsp;<\/p>\n<p><img fetchpriority=\"high\" decoding=\"async\" class=\"aligncenter wp-image-16474 size-large\" src=\"https:\/\/www.esi-sba.dz\/fr\/wp-content\/uploads\/2021\/05\/IMG_20210520_114034-1024x766.jpg\" alt=\"\" width=\"1024\" height=\"766\" srcset=\"https:\/\/www.esi-sba.dz\/fr\/wp-content\/uploads\/2021\/05\/IMG_20210520_114034-1024x766.jpg 1024w, https:\/\/www.esi-sba.dz\/fr\/wp-content\/uploads\/2021\/05\/IMG_20210520_114034-300x224.jpg 300w, https:\/\/www.esi-sba.dz\/fr\/wp-content\/uploads\/2021\/05\/IMG_20210520_114034-768x575.jpg 768w, https:\/\/www.esi-sba.dz\/fr\/wp-content\/uploads\/2021\/05\/IMG_20210520_114034-1536x1149.jpg 1536w, https:\/\/www.esi-sba.dz\/fr\/wp-content\/uploads\/2021\/05\/IMG_20210520_114034.jpg 1600w\" sizes=\"(max-width: 1024px) 100vw, 1024px\" \/><\/p>\n<p><img decoding=\"async\" class=\"aligncenter wp-image-16475\" src=\"https:\/\/www.esi-sba.dz\/fr\/wp-content\/uploads\/2021\/05\/IMG_20210520_125544-876x1024.jpg\" alt=\"\" width=\"770\" height=\"900\" srcset=\"https:\/\/www.esi-sba.dz\/fr\/wp-content\/uploads\/2021\/05\/IMG_20210520_125544-876x1024.jpg 876w, https:\/\/www.esi-sba.dz\/fr\/wp-content\/uploads\/2021\/05\/IMG_20210520_125544-257x300.jpg 257w, https:\/\/www.esi-sba.dz\/fr\/wp-content\/uploads\/2021\/05\/IMG_20210520_125544-768x897.jpg 768w, https:\/\/www.esi-sba.dz\/fr\/wp-content\/uploads\/2021\/05\/IMG_20210520_125544-1315x1536.jpg 1315w, https:\/\/www.esi-sba.dz\/fr\/wp-content\/uploads\/2021\/05\/IMG_20210520_125544.jpg 1342w\" sizes=\"(max-width: 770px) 100vw, 770px\" \/><\/p>\n","protected":false},"excerpt":{"rendered":"<p>L\u2019ESI de Sidi Bel Abbes a pris part \u00e0 la semaine scientifique nationale le minist\u00e8re de l&rsquo;Enseignement sup\u00e9rieur et de la Recherche scientifique sur le th\u00e8me de \u00abLa num\u00e9risation et [&hellip;]<\/p>\n","protected":false},"author":1,"featured_media":16476,"template":"","meta":{"_eb_attr":"","_tribe_events_status":"","_tribe_events_status_reason":"","footnotes":""},"tags":[],"tribe_events_cat":[87],"class_list":["post-16471","tribe_events","type-tribe_events","status-publish","has-post-thumbnail","hentry","tribe_events_cat-tous","cat_tous"],"_links":{"self":[{"href":"https:\/\/www.esi-sba.dz\/fr\/index.php\/wp-json\/wp\/v2\/tribe_events\/16471","targetHints":{"allow":["GET"]}}],"collection":[{"href":"https:\/\/www.esi-sba.dz\/fr\/index.php\/wp-json\/wp\/v2\/tribe_events"}],"about":[{"href":"https:\/\/www.esi-sba.dz\/fr\/index.php\/wp-json\/wp\/v2\/types\/tribe_events"}],"author":[{"embeddable":true,"href":"https:\/\/www.esi-sba.dz\/fr\/index.php\/wp-json\/wp\/v2\/users\/1"}],"version-history":[{"count":5,"href":"https:\/\/www.esi-sba.dz\/fr\/index.php\/wp-json\/wp\/v2\/tribe_events\/16471\/revisions"}],"predecessor-version":[{"id":16481,"href":"https:\/\/www.esi-sba.dz\/fr\/index.php\/wp-json\/wp\/v2\/tribe_events\/16471\/revisions\/16481"}],"wp:featuredmedia":[{"embeddable":true,"href":"https:\/\/www.esi-sba.dz\/fr\/index.php\/wp-json\/wp\/v2\/media\/16476"}],"wp:attachment":[{"href":"https:\/\/www.esi-sba.dz\/fr\/index.php\/wp-json\/wp\/v2\/media?parent=16471"}],"wp:term":[{"taxonomy":"post_tag","embeddable":true,"href":"https:\/\/www.esi-sba.dz\/fr\/index.php\/wp-json\/wp\/v2\/tags?post=16471"},{"taxonomy":"tribe_events_cat","embeddable":true,"href":"https:\/\/www.esi-sba.dz\/fr\/index.php\/wp-json\/wp\/v2\/tribe_events_cat?post=16471"}],"curies":[{"name":"wp","href":"https:\/\/api.w.org\/{rel}","templated":true}]}}

Semaine Scientifique Nationale 2021 : troisième place pour le projet « MadinaTIC »

<p>L’ESI de Sidi Bel Abbes a pris part à la semaine scientifique nationale le ministère de l&rsquo;Enseignement supérieur et de la Recherche scientifique sur le thème de «La numérisation et ses applications» du 17 au 20 Mai 2021.</p>
<p>Deux clubs scientifiques (AlphaBit et Ingeniums), deux projets de recherche innovants (E-santé) et deux thèses de doctorats (Dr. KLOUCHE Badia et Dr. SEKKAL Nawel), soit neufs projets au total ont été présentés dans quatre catégories différentes.</p>
<p>Nos représentants sur place, élèves ingénieurs et diplômés : Djemai AKSA, Mouncif BENDADA, Mostafa FECHFOUCH, Fethallah Walid OMARI, Akram OUARDAS ont assurés la tenue de trois stands au niveau de l’événement avec des projets autour de l’E-Santé, E-learning, E-commerce, Finance, E-administration et internet des objets « IOT ».</p>
<p>Les étudiants de l’Ecole se sont ainsi classés 3ème du concours nationale des projets avec le Club Scientifique « Ingeniums » et le projet « MadinaTIC » présenté par M. Akram OUARDAS.</p>
<p>L’application « MadinaTIC » permet le signalement des anomalies et problèmes de la ville par le citoyen et la redirection de sa réclamation vers l’autorité compétente. Elle permet également de suivre la prise en charge du problème et l’émission d’annonces par la commune (évènements, élections, travaux, coupures, …).</p>
<p>Toutes nos félicitations et remerciements vont à nos représentants qui nous ont encore une fois honorés à l’échelle nationale ainsi qu’à tous les autres porteurs de projets pour leur travail et leur excellence.</p>
<p>&nbsp;</p>
<p><img fetchpriority="high" decoding="async" class="aligncenter wp-image-16474 size-large" src="https://www.esi-sba.dz/fr/wp-content/uploads/2021/05/IMG_20210520_114034-1024x766.jpg" alt="" width="1024" height="766" srcset="https://www.esi-sba.dz/fr/wp-content/uploads/2021/05/IMG_20210520_114034-1024x766.jpg 1024w, https://www.esi-sba.dz/fr/wp-content/uploads/2021/05/IMG_20210520_114034-300x224.jpg 300w, https://www.esi-sba.dz/fr/wp-content/uploads/2021/05/IMG_20210520_114034-768x575.jpg 768w, https://www.esi-sba.dz/fr/wp-content/uploads/2021/05/IMG_20210520_114034-1536x1149.jpg 1536w, https://www.esi-sba.dz/fr/wp-content/uploads/2021/05/IMG_20210520_114034.jpg 1600w" sizes="(max-width: 1024px) 100vw, 1024px" /></p>
<p><img decoding="async" class="aligncenter wp-image-16475" src="https://www.esi-sba.dz/fr/wp-content/uploads/2021/05/IMG_20210520_125544-876x1024.jpg" alt="" width="770" height="900" srcset="https://www.esi-sba.dz/fr/wp-content/uploads/2021/05/IMG_20210520_125544-876x1024.jpg 876w, https://www.esi-sba.dz/fr/wp-content/uploads/2021/05/IMG_20210520_125544-257x300.jpg 257w, https://www.esi-sba.dz/fr/wp-content/uploads/2021/05/IMG_20210520_125544-768x897.jpg 768w, https://www.esi-sba.dz/fr/wp-content/uploads/2021/05/IMG_20210520_125544-1315x1536.jpg 1315w, https://www.esi-sba.dz/fr/wp-content/uploads/2021/05/IMG_20210520_125544.jpg 1342w" sizes="(max-width: 770px) 100vw, 770px" /></p>

<p>L’ESI de Sidi Bel Abbes a pris part à la semaine scientifique nationale le ministère de l&rsquo;Enseignement supérieur et de la Recherche scientifique sur le thème de «La numérisation et [&hellip;]</p>
