{"id":21027,"date":"2023-11-12T09:22:39","date_gmt":"2023-11-12T08:22:39","guid":{"rendered":"https:\/\/www.esi-sba.dz\/fr\/?post_type=tribe_events&#038;p=21027"},"modified":"2023-11-12T09:32:32","modified_gmt":"2023-11-12T08:32:32","slug":"celebration-de-la-semaine-mondiale-de-lentrepreneuriat","status":"publish","type":"tribe_events","link":"https:\/\/www.esi-sba.dz\/fr\/index.php\/evenements-calendar\/celebration-de-la-semaine-mondiale-de-lentrepreneuriat\/","title":{"rendered":"C\u00e9l\u00e9bration de la Semaine mondiale de l&rsquo;entrepreneuriat"},"content":{"rendered":"<p>L&rsquo;\u00c9cole Sup\u00e9rieure en Informatique de Sidi Bel Abb\u00e8s a le plaisir d&rsquo;annoncer l&rsquo;organisation de la c\u00e9l\u00e9bration de la Semaine mondiale de l&rsquo;entrepreneuriat, qui se d\u00e9roulera du 12 au 14 novembre 2023 au sein de l\u2019\u00e9cole.<\/p>\n<p>Cette semaine constitue une opportunit\u00e9 propice \u00e0 la promotion de l&rsquo;esprit entrepreneurial et de l&rsquo;innovation parmi nos \u00e9tudiants, en particulier ceux en fin de cycle.<\/p>\n<p>Les journ\u00e9es pr\u00e9vues seront anim\u00e9es par des experts, visant \u00e0 stimuler une r\u00e9flexion approfondie sur des sujets tels que l&rsquo;entrepreneuriat, l&rsquo;innovation, la propri\u00e9t\u00e9 intellectuelle, et les \u00e9l\u00e9ments d\u00e9terminants du succ\u00e8s entrepreneurial.<\/p>\n<p>Au programme :<\/p>\n<p>\u2666 12 novembre 2023 &#8211; Amphi D (14h-16h) :<\/p>\n<p>Th\u00e9matiques du jour :<\/p>\n<p>\u2022 Start-up<\/p>\n<p>\u2022 Incubateurs d&rsquo;entreprises et acc\u00e9l\u00e9rateurs<\/p>\n<p>\u2022 Label du projet innovant et Start-up<\/p>\n<p>Intervenants : Professeur AMAR BENSABER Djamel et Docteur KACHAR Mohamed<\/p>\n<p>\u2666 13 novembre 2023 &#8211; Amphi D (14h-16h) :<\/p>\n<p>Th\u00e9matiques du jour :<\/p>\n<p>\u2022 Propri\u00e9t\u00e9 intellectuelle et valorisation des r\u00e9sultats de la recherche<\/p>\n<p>\u2022 Concepts g\u00e9n\u00e9raux sur l&rsquo;entrepreneur et l&rsquo;entrepreneuriat<\/p>\n<p>\u2022 Concepts li\u00e9s \u00e0 l&rsquo;\u00e9tude de faisabilit\u00e9 des petites entreprises<\/p>\n<p>\u2022 Dispositifs de soutien et de financement aux diff\u00e9rentes \u00e9tapes de la cr\u00e9ation d&rsquo;une petite entreprise (obtention d&rsquo;un num\u00e9ro d&rsquo;immatriculation, adh\u00e9sion aux caisses d&rsquo;assurance, ouverture d&rsquo;un compte bancaire, etc.)<\/p>\n<p>Intervenantes : Professeure BOUABDELLAH Wassila et Professeure LOURAD Na\u00efma<\/p>\n<p>\u2666 14 novembre 2023 &#8211; Amphi D (14h-16h) :<\/p>\n<p>Th\u00e9matique du jour :<\/p>\n<p>\u2022 Pr\u00e9sentation de success story<\/p>\n<p>Intervenant : Monsieur BEN ELBAR Thamir, ing\u00e9nieur dipl\u00f4m\u00e9 de l&rsquo;\u00c9cole Sup\u00e9rieure en Informatique de Sidi Bel Abb\u00e8s et co-fondateur de la SARL SPINET NFC.<\/p>\n<p>&nbsp;<\/p>\n<p style=\"text-align: center;\"><\/p>\n","protected":false},"excerpt":{"rendered":"<p>L&rsquo;\u00c9cole Sup\u00e9rieure en Informatique de Sidi Bel Abb\u00e8s a le plaisir d&rsquo;annoncer l&rsquo;organisation de la c\u00e9l\u00e9bration de la Semaine mondiale de l&rsquo;entrepreneuriat, qui se d\u00e9roulera du 12 au 14 novembre [&hellip;]<\/p>\n","protected":false},"author":1,"featured_media":21028,"template":"","meta":{"_eb_attr":"","_tribe_events_status":"","_tribe_events_status_reason":"","footnotes":""},"tags":[],"tribe_events_cat":[87],"class_list":["post-21027","tribe_events","type-tribe_events","status-publish","has-post-thumbnail","hentry","tribe_events_cat-tous","cat_tous"],"_links":{"self":[{"href":"https:\/\/www.esi-sba.dz\/fr\/index.php\/wp-json\/wp\/v2\/tribe_events\/21027","targetHints":{"allow":["GET"]}}],"collection":[{"href":"https:\/\/www.esi-sba.dz\/fr\/index.php\/wp-json\/wp\/v2\/tribe_events"}],"about":[{"href":"https:\/\/www.esi-sba.dz\/fr\/index.php\/wp-json\/wp\/v2\/types\/tribe_events"}],"author":[{"embeddable":true,"href":"https:\/\/www.esi-sba.dz\/fr\/index.php\/wp-json\/wp\/v2\/users\/1"}],"version-history":[{"count":3,"href":"https:\/\/www.esi-sba.dz\/fr\/index.php\/wp-json\/wp\/v2\/tribe_events\/21027\/revisions"}],"predecessor-version":[{"id":21038,"href":"https:\/\/www.esi-sba.dz\/fr\/index.php\/wp-json\/wp\/v2\/tribe_events\/21027\/revisions\/21038"}],"wp:featuredmedia":[{"embeddable":true,"href":"https:\/\/www.esi-sba.dz\/fr\/index.php\/wp-json\/wp\/v2\/media\/21028"}],"wp:attachment":[{"href":"https:\/\/www.esi-sba.dz\/fr\/index.php\/wp-json\/wp\/v2\/media?parent=21027"}],"wp:term":[{"taxonomy":"post_tag","embeddable":true,"href":"https:\/\/www.esi-sba.dz\/fr\/index.php\/wp-json\/wp\/v2\/tags?post=21027"},{"taxonomy":"tribe_events_cat","embeddable":true,"href":"https:\/\/www.esi-sba.dz\/fr\/index.php\/wp-json\/wp\/v2\/tribe_events_cat?post=21027"}],"curies":[{"name":"wp","href":"https:\/\/api.w.org\/{rel}","templated":true}]}}

Célébration de la Semaine mondiale de l&rsquo;entrepreneuriat

<p>L&rsquo;École Supérieure en Informatique de Sidi Bel Abbès a le plaisir d&rsquo;annoncer l&rsquo;organisation de la célébration de la Semaine mondiale de l&rsquo;entrepreneuriat, qui se déroulera du 12 au 14 novembre 2023 au sein de l’école.</p>
<p>Cette semaine constitue une opportunité propice à la promotion de l&rsquo;esprit entrepreneurial et de l&rsquo;innovation parmi nos étudiants, en particulier ceux en fin de cycle.</p>
<p>Les journées prévues seront animées par des experts, visant à stimuler une réflexion approfondie sur des sujets tels que l&rsquo;entrepreneuriat, l&rsquo;innovation, la propriété intellectuelle, et les éléments déterminants du succès entrepreneurial.</p>
<p>Au programme :</p>
<p>♦ 12 novembre 2023 &#8211; Amphi D (14h-16h) :</p>
<p>Thématiques du jour :</p>
<p>• Start-up</p>
<p>• Incubateurs d&rsquo;entreprises et accélérateurs</p>
<p>• Label du projet innovant et Start-up</p>
<p>Intervenants : Professeur AMAR BENSABER Djamel et Docteur KACHAR Mohamed</p>
<p>♦ 13 novembre 2023 &#8211; Amphi D (14h-16h) :</p>
<p>Thématiques du jour :</p>
<p>• Propriété intellectuelle et valorisation des résultats de la recherche</p>
<p>• Concepts généraux sur l&rsquo;entrepreneur et l&rsquo;entrepreneuriat</p>
<p>• Concepts liés à l&rsquo;étude de faisabilité des petites entreprises</p>
<p>• Dispositifs de soutien et de financement aux différentes étapes de la création d&rsquo;une petite entreprise (obtention d&rsquo;un numéro d&rsquo;immatriculation, adhésion aux caisses d&rsquo;assurance, ouverture d&rsquo;un compte bancaire, etc.)</p>
<p>Intervenantes : Professeure BOUABDELLAH Wassila et Professeure LOURAD Naïma</p>
<p>♦ 14 novembre 2023 &#8211; Amphi D (14h-16h) :</p>
<p>Thématique du jour :</p>
<p>• Présentation de success story</p>
<p>Intervenant : Monsieur BEN ELBAR Thamir, ingénieur diplômé de l&rsquo;École Supérieure en Informatique de Sidi Bel Abbès et co-fondateur de la SARL SPINET NFC.</p>
<p>&nbsp;</p>
<p style="text-align: center;"></p>

<p>L&rsquo;École Supérieure en Informatique de Sidi Bel Abbès a le plaisir d&rsquo;annoncer l&rsquo;organisation de la célébration de la Semaine mondiale de l&rsquo;entrepreneuriat, qui se déroulera du 12 au 14 novembre [&hellip;]</p>
