{"id":21111,"date":"2023-12-11T09:14:02","date_gmt":"2023-12-11T08:14:02","guid":{"rendered":"https:\/\/www.esi-sba.dz\/fr\/?post_type=tribe_events&#038;p=21111"},"modified":"2023-12-11T09:14:45","modified_gmt":"2023-12-11T08:14:45","slug":"exploration-culturelle-a-tlemcen","status":"publish","type":"tribe_events","link":"https:\/\/www.esi-sba.dz\/fr\/index.php\/evenements-calendar\/exploration-culturelle-a-tlemcen\/","title":{"rendered":"Exploration culturelle \u00e0 Tlemcen"},"content":{"rendered":"<p>Un groupe d&rsquo;\u00e9tudiants, tous inscrits en premi\u00e8re ann\u00e9e de la classe pr\u00e9paratoire, a eu le privil\u00e8ge de participer \u00e0 une enrichissante visite culturelle \u00e0 la Ville de Tlemcen le mardi 5 d\u00e9cembre 2023. Ces \u00e9tudiants proviennent de divers horizons \u00e0 travers le territoire national, formant ainsi une communaut\u00e9 d&rsquo;apprenants dynamique et diversifi\u00e9e.<\/p>\n<p>Cette excursion s&rsquo;est av\u00e9r\u00e9e \u00eatre un moment particuli\u00e8rement appr\u00e9ci\u00e9 par nos \u00e9tudiants, venant cl\u00f4turer une premi\u00e8re partie de semestre riche en apprentissages et en engagement acad\u00e9mique.<\/p>\n<p>La d\u00e9couverte du Plateau de Lalla Setti, offrant une vue panoramique, ainsi que la visite des Vestiges de Mansourah ont constitu\u00e9 des moments privil\u00e9gi\u00e9s. Nos \u00e9tudiants ont eu l&rsquo;opportunit\u00e9 d&rsquo;explorer et d&rsquo;appr\u00e9cier ces sites culturels, enrichissant ainsi leurs connaissances tout en nourrissant leur esprit curieux.<\/p>\n<p>Cette exp\u00e9rience a renforc\u00e9 le sentiment de coh\u00e9sion au sein de notre communaut\u00e9 estudiantine, favorisant les \u00e9changes interpersonnels, la cr\u00e9ation de liens durables et d&rsquo;\u00e9largir leurs horizons culturels.<\/p>\n<p>&nbsp;<\/p>\n<p style=\"text-align: center;\"><\/p>\n","protected":false},"excerpt":{"rendered":"<p>Un groupe d&rsquo;\u00e9tudiants, tous inscrits en premi\u00e8re ann\u00e9e de la classe pr\u00e9paratoire, a eu le privil\u00e8ge de participer \u00e0 une enrichissante visite culturelle \u00e0 la Ville de Tlemcen le mardi [&hellip;]<\/p>\n","protected":false},"author":1,"featured_media":21118,"template":"","meta":{"_eb_attr":"","_tribe_events_status":"","_tribe_events_status_reason":"","footnotes":""},"tags":[],"tribe_events_cat":[87],"class_list":["post-21111","tribe_events","type-tribe_events","status-publish","has-post-thumbnail","hentry","tribe_events_cat-tous","cat_tous"],"_links":{"self":[{"href":"https:\/\/www.esi-sba.dz\/fr\/index.php\/wp-json\/wp\/v2\/tribe_events\/21111","targetHints":{"allow":["GET"]}}],"collection":[{"href":"https:\/\/www.esi-sba.dz\/fr\/index.php\/wp-json\/wp\/v2\/tribe_events"}],"about":[{"href":"https:\/\/www.esi-sba.dz\/fr\/index.php\/wp-json\/wp\/v2\/types\/tribe_events"}],"author":[{"embeddable":true,"href":"https:\/\/www.esi-sba.dz\/fr\/index.php\/wp-json\/wp\/v2\/users\/1"}],"version-history":[{"count":1,"href":"https:\/\/www.esi-sba.dz\/fr\/index.php\/wp-json\/wp\/v2\/tribe_events\/21111\/revisions"}],"predecessor-version":[{"id":21119,"href":"https:\/\/www.esi-sba.dz\/fr\/index.php\/wp-json\/wp\/v2\/tribe_events\/21111\/revisions\/21119"}],"wp:featuredmedia":[{"embeddable":true,"href":"https:\/\/www.esi-sba.dz\/fr\/index.php\/wp-json\/wp\/v2\/media\/21118"}],"wp:attachment":[{"href":"https:\/\/www.esi-sba.dz\/fr\/index.php\/wp-json\/wp\/v2\/media?parent=21111"}],"wp:term":[{"taxonomy":"post_tag","embeddable":true,"href":"https:\/\/www.esi-sba.dz\/fr\/index.php\/wp-json\/wp\/v2\/tags?post=21111"},{"taxonomy":"tribe_events_cat","embeddable":true,"href":"https:\/\/www.esi-sba.dz\/fr\/index.php\/wp-json\/wp\/v2\/tribe_events_cat?post=21111"}],"curies":[{"name":"wp","href":"https:\/\/api.w.org\/{rel}","templated":true}]}}

Exploration culturelle à Tlemcen

<p>Un groupe d&rsquo;étudiants, tous inscrits en première année de la classe préparatoire, a eu le privilège de participer à une enrichissante visite culturelle à la Ville de Tlemcen le mardi 5 décembre 2023. Ces étudiants proviennent de divers horizons à travers le territoire national, formant ainsi une communauté d&rsquo;apprenants dynamique et diversifiée.</p>
<p>Cette excursion s&rsquo;est avérée être un moment particulièrement apprécié par nos étudiants, venant clôturer une première partie de semestre riche en apprentissages et en engagement académique.</p>
<p>La découverte du Plateau de Lalla Setti, offrant une vue panoramique, ainsi que la visite des Vestiges de Mansourah ont constitué des moments privilégiés. Nos étudiants ont eu l&rsquo;opportunité d&rsquo;explorer et d&rsquo;apprécier ces sites culturels, enrichissant ainsi leurs connaissances tout en nourrissant leur esprit curieux.</p>
<p>Cette expérience a renforcé le sentiment de cohésion au sein de notre communauté estudiantine, favorisant les échanges interpersonnels, la création de liens durables et d&rsquo;élargir leurs horizons culturels.</p>
<p>&nbsp;</p>
<p style="text-align: center;"></p>

<p>Un groupe d&rsquo;étudiants, tous inscrits en première année de la classe préparatoire, a eu le privilège de participer à une enrichissante visite culturelle à la Ville de Tlemcen le mardi [&hellip;]</p>
