{"id":21135,"date":"2023-12-17T10:54:47","date_gmt":"2023-12-17T09:54:47","guid":{"rendered":"https:\/\/www.esi-sba.dz\/fr\/?post_type=tribe_events&#038;p=21135"},"modified":"2023-12-17T10:54:47","modified_gmt":"2023-12-17T09:54:47","slug":"exploration-culturelle-a-oran","status":"publish","type":"tribe_events","link":"https:\/\/www.esi-sba.dz\/fr\/index.php\/evenements-calendar\/exploration-culturelle-a-oran\/","title":{"rendered":"Exploration Culturelle \u00e0 Oran"},"content":{"rendered":"<p>Un groupe d&rsquo;\u00e9tudiants inscrits en premi\u00e8re ann\u00e9e de classe pr\u00e9paratoire a eu l&rsquo;opportunit\u00e9 de participer \u00e0 une visite culturelle \u00e0 la Ville d&rsquo;Oran le mardi 12 d\u00e9cembre 2023. Ces \u00e9tudiants, issus de divers horizons \u00e0 travers le territoire national, ont explor\u00e9 les richesses historiques et culturelles de cette cit\u00e9.<\/p>\n<p>Au cours de cette escapade, ces jeunes ont eu l&rsquo;occasion de contempler des monuments historiques embl\u00e9matiques d&rsquo;Oran, comme l&rsquo;\u00e9glise Santa Maria et le fort de Santa Cruz, perch\u00e9s sur les hauteurs de la ville et offrant une vue panoramique sur la baie de la M\u00e9diterran\u00e9e.<\/p>\n<p>Cette exp\u00e9rience a contribu\u00e9 de mani\u00e8re significative \u00e0 renforcer le sentiment d&rsquo;appartenance au sein de notre communaut\u00e9 estudiantine. En favorisant les \u00e9changes interpersonnels et la cr\u00e9ation de liens durables, elle a \u00e9galement \u00e9largi les horizons culturels de ces jeunes esprits, les incitant \u00e0 r\u00e9fl\u00e9chir plus profond\u00e9ment sur la diversit\u00e9 et la richesse du patrimoine culturel qui les entoure.<\/p>\n<p>&nbsp;<\/p>\n<p>&nbsp;<\/p>\n<p style=\"text-align: center;\"><\/p>\n","protected":false},"excerpt":{"rendered":"<p>Un groupe d&rsquo;\u00e9tudiants inscrits en premi\u00e8re ann\u00e9e de classe pr\u00e9paratoire a eu l&rsquo;opportunit\u00e9 de participer \u00e0 une visite culturelle \u00e0 la Ville d&rsquo;Oran le mardi 12 d\u00e9cembre 2023. Ces \u00e9tudiants, [&hellip;]<\/p>\n","protected":false},"author":1,"featured_media":21143,"template":"","meta":{"_eb_attr":"","_tribe_events_status":"","_tribe_events_status_reason":"","footnotes":""},"tags":[],"tribe_events_cat":[87],"class_list":["post-21135","tribe_events","type-tribe_events","status-publish","has-post-thumbnail","hentry","tribe_events_cat-tous","cat_tous"],"_links":{"self":[{"href":"https:\/\/www.esi-sba.dz\/fr\/index.php\/wp-json\/wp\/v2\/tribe_events\/21135","targetHints":{"allow":["GET"]}}],"collection":[{"href":"https:\/\/www.esi-sba.dz\/fr\/index.php\/wp-json\/wp\/v2\/tribe_events"}],"about":[{"href":"https:\/\/www.esi-sba.dz\/fr\/index.php\/wp-json\/wp\/v2\/types\/tribe_events"}],"author":[{"embeddable":true,"href":"https:\/\/www.esi-sba.dz\/fr\/index.php\/wp-json\/wp\/v2\/users\/1"}],"version-history":[{"count":1,"href":"https:\/\/www.esi-sba.dz\/fr\/index.php\/wp-json\/wp\/v2\/tribe_events\/21135\/revisions"}],"predecessor-version":[{"id":21144,"href":"https:\/\/www.esi-sba.dz\/fr\/index.php\/wp-json\/wp\/v2\/tribe_events\/21135\/revisions\/21144"}],"wp:featuredmedia":[{"embeddable":true,"href":"https:\/\/www.esi-sba.dz\/fr\/index.php\/wp-json\/wp\/v2\/media\/21143"}],"wp:attachment":[{"href":"https:\/\/www.esi-sba.dz\/fr\/index.php\/wp-json\/wp\/v2\/media?parent=21135"}],"wp:term":[{"taxonomy":"post_tag","embeddable":true,"href":"https:\/\/www.esi-sba.dz\/fr\/index.php\/wp-json\/wp\/v2\/tags?post=21135"},{"taxonomy":"tribe_events_cat","embeddable":true,"href":"https:\/\/www.esi-sba.dz\/fr\/index.php\/wp-json\/wp\/v2\/tribe_events_cat?post=21135"}],"curies":[{"name":"wp","href":"https:\/\/api.w.org\/{rel}","templated":true}]}}

Exploration Culturelle à Oran

<p>Un groupe d&rsquo;étudiants inscrits en première année de classe préparatoire a eu l&rsquo;opportunité de participer à une visite culturelle à la Ville d&rsquo;Oran le mardi 12 décembre 2023. Ces étudiants, issus de divers horizons à travers le territoire national, ont exploré les richesses historiques et culturelles de cette cité.</p>
<p>Au cours de cette escapade, ces jeunes ont eu l&rsquo;occasion de contempler des monuments historiques emblématiques d&rsquo;Oran, comme l&rsquo;église Santa Maria et le fort de Santa Cruz, perchés sur les hauteurs de la ville et offrant une vue panoramique sur la baie de la Méditerranée.</p>
<p>Cette expérience a contribué de manière significative à renforcer le sentiment d&rsquo;appartenance au sein de notre communauté estudiantine. En favorisant les échanges interpersonnels et la création de liens durables, elle a également élargi les horizons culturels de ces jeunes esprits, les incitant à réfléchir plus profondément sur la diversité et la richesse du patrimoine culturel qui les entoure.</p>
<p>&nbsp;</p>
<p>&nbsp;</p>
<p style="text-align: center;"></p>

<p>Un groupe d&rsquo;étudiants inscrits en première année de classe préparatoire a eu l&rsquo;opportunité de participer à une visite culturelle à la Ville d&rsquo;Oran le mardi 12 décembre 2023. Ces étudiants, [&hellip;]</p>
