{"id":9902,"date":"2019-12-19T10:48:21","date_gmt":"2019-12-19T09:48:21","guid":{"rendered":"http:\/\/193.194.79.200\/fr\/?post_type=tribe_events&#038;p=9902"},"modified":"2021-02-17T12:39:09","modified_gmt":"2021-02-17T11:39:09","slug":"5eme-edition-de-lecole-dhiver-en-informatique-pour-formateurs-ehif-2019","status":"publish","type":"tribe_events","link":"https:\/\/www.esi-sba.dz\/fr\/index.php\/evenements-calendar\/5eme-edition-de-lecole-dhiver-en-informatique-pour-formateurs-ehif-2019\/","title":{"rendered":"5\u00e8me \u00e9dition de l&rsquo;\u00c9cole d\u2019Hiver en Informatique pour Formateurs (EHIF-2019)"},"content":{"rendered":"<div id=\"qx-text-60374\" class=\"qx-element qx-element-text \">\n<p>L\u2019\u00c9cole Sup\u00e9rieur en Informatique 08 Mai 1945 de Sidi Bel-Abbes en collaboration avec le Laboratoire de Recherche en Informatique de Sidi Bel Abbes (LabRI), organisent la cinqui\u00e8me \u00e9dition de l\u2019\u00c9cole d\u2019Hiver en Informatique pour Formateurs ( EHIF-2019 ) destin\u00e9e au Staff enseignant et aux doctorants de l\u2019\u00e9cole du 21 au 22 D\u00e9cembre 2019.<\/p>\n<\/div>\n<hr id=\"qx-divider-45482\" class=\"qx-element qx-element-space qx-element-divider\" \/>\n<div id=\"qx-text-70543\" class=\"qx-element qx-element-text \">\n<p><strong>Pr\u00e9sident d&rsquo;honneur de l&rsquo;\u00e9cole d&rsquo;hiver<\/strong><br \/>\nPr. Sidi Mohamed BENSLIMANE<\/p>\n<p><strong>Pr\u00e9sident du comit\u00e9 d\u2019 organisation<\/strong><br \/>\nPr. Mimoun MALKI<\/p>\n<p><strong>Membres du comit\u00e9 d\u2019 organisation<\/strong><br \/>\nDr. Djamel AMAR BENSABER<br \/>\nDr. Hichem BADSI<br \/>\nDr. Mohamed R\u00e9da ACED<\/p>\n<p><strong>Secr\u00e9tariat<\/strong><br \/>\nDr. Abdelhamid MALKI<br \/>\nM. Abdelkader AMRANE<br \/>\nM. Abderrahmane SAHNOUN<\/p>\n<p><strong>\u00c9quipe P\u00e9dagogique<\/strong><br \/>\nPr. Mohamed TOU, JEE and System Integration Specialist, Montreal,Quebec, Canada.<\/p>\n<\/div>\n<hr id=\"qx-divider-8604\" class=\"qx-element qx-element-space qx-element-divider\" \/>\n<div id=\"qx-accordion-974961\" class=\"qx-element qx-element-accordion \">\n<div class=\"collapsible-header active\">Atelier\u00a0 : Cloud Computing<\/div>\n<\/div>\n","protected":false},"excerpt":{"rendered":"<p>L\u2019\u00c9cole Sup\u00e9rieur en Informatique 08 Mai 1945 de Sidi Bel-Abbes en collaboration avec le Laboratoire de Recherche en Informatique de Sidi Bel Abbes (LabRI), organisent la cinqui\u00e8me \u00e9dition de l\u2019\u00c9cole [&hellip;]<\/p>\n","protected":false},"author":1,"featured_media":14758,"template":"","meta":{"_eb_attr":"","_tribe_events_status":"","_tribe_events_status_reason":"","footnotes":""},"tags":[],"tribe_events_cat":[87],"class_list":["post-9902","tribe_events","type-tribe_events","status-publish","has-post-thumbnail","hentry","tribe_events_cat-tous","cat_tous"],"_links":{"self":[{"href":"https:\/\/www.esi-sba.dz\/fr\/index.php\/wp-json\/wp\/v2\/tribe_events\/9902","targetHints":{"allow":["GET"]}}],"collection":[{"href":"https:\/\/www.esi-sba.dz\/fr\/index.php\/wp-json\/wp\/v2\/tribe_events"}],"about":[{"href":"https:\/\/www.esi-sba.dz\/fr\/index.php\/wp-json\/wp\/v2\/types\/tribe_events"}],"author":[{"embeddable":true,"href":"https:\/\/www.esi-sba.dz\/fr\/index.php\/wp-json\/wp\/v2\/users\/1"}],"version-history":[{"count":5,"href":"https:\/\/www.esi-sba.dz\/fr\/index.php\/wp-json\/wp\/v2\/tribe_events\/9902\/revisions"}],"predecessor-version":[{"id":9904,"href":"https:\/\/www.esi-sba.dz\/fr\/index.php\/wp-json\/wp\/v2\/tribe_events\/9902\/revisions\/9904"}],"wp:featuredmedia":[{"embeddable":true,"href":"https:\/\/www.esi-sba.dz\/fr\/index.php\/wp-json\/wp\/v2\/media\/14758"}],"wp:attachment":[{"href":"https:\/\/www.esi-sba.dz\/fr\/index.php\/wp-json\/wp\/v2\/media?parent=9902"}],"wp:term":[{"taxonomy":"post_tag","embeddable":true,"href":"https:\/\/www.esi-sba.dz\/fr\/index.php\/wp-json\/wp\/v2\/tags?post=9902"},{"taxonomy":"tribe_events_cat","embeddable":true,"href":"https:\/\/www.esi-sba.dz\/fr\/index.php\/wp-json\/wp\/v2\/tribe_events_cat?post=9902"}],"curies":[{"name":"wp","href":"https:\/\/api.w.org\/{rel}","templated":true}]}}

5ème édition de l&rsquo;École d’Hiver en Informatique pour Formateurs (EHIF-2019)

<div id="qx-text-60374" class="qx-element qx-element-text ">
<p>L’École Supérieur en Informatique 08 Mai 1945 de Sidi Bel-Abbes en collaboration avec le Laboratoire de Recherche en Informatique de Sidi Bel Abbes (LabRI), organisent la cinquième édition de l’École d’Hiver en Informatique pour Formateurs ( EHIF-2019 ) destinée au Staff enseignant et aux doctorants de l’école du 21 au 22 Décembre 2019.</p>
</div>
<hr id="qx-divider-45482" class="qx-element qx-element-space qx-element-divider" />
<div id="qx-text-70543" class="qx-element qx-element-text ">
<p><strong>Président d&rsquo;honneur de l&rsquo;école d&rsquo;hiver</strong><br />
Pr. Sidi Mohamed BENSLIMANE</p>
<p><strong>Président du comité d’ organisation</strong><br />
Pr. Mimoun MALKI</p>
<p><strong>Membres du comité d’ organisation</strong><br />
Dr. Djamel AMAR BENSABER<br />
Dr. Hichem BADSI<br />
Dr. Mohamed Réda ACED</p>
<p><strong>Secrétariat</strong><br />
Dr. Abdelhamid MALKI<br />
M. Abdelkader AMRANE<br />
M. Abderrahmane SAHNOUN</p>
<p><strong>Équipe Pédagogique</strong><br />
Pr. Mohamed TOU, JEE and System Integration Specialist, Montreal,Quebec, Canada.</p>
</div>
<hr id="qx-divider-8604" class="qx-element qx-element-space qx-element-divider" />
<div id="qx-accordion-974961" class="qx-element qx-element-accordion ">
<div class="collapsible-header active">Atelier  : Cloud Computing</div>
</div>

<p>L’École Supérieur en Informatique 08 Mai 1945 de Sidi Bel-Abbes en collaboration avec le Laboratoire de Recherche en Informatique de Sidi Bel Abbes (LabRI), organisent la cinquième édition de l’École [&hellip;]</p>
